{"id":347,"date":"2019-02-27T10:58:14","date_gmt":"2019-02-27T09:58:14","guid":{"rendered":"http:\/\/stereotec.com\/wordpress2\/?page_id=347"},"modified":"2020-02-17T11:51:35","modified_gmt":"2020-02-17T10:51:35","slug":"awards","status":"publish","type":"page","link":"https:\/\/stereotec.com\/wordpress2\/awards\/","title":{"rendered":"Awards"},"content":{"rendered":"<h2 class=\"page-heading\">STEREOTEC is honoured with 12 Lumiere Awards for outstanding 3D achievments<\/h2>\n<div class=\"portfolio-carousel pc-no-title pc-no-link pc-spacing pc-effect-icon pc-effect-zoom pc-effect-overlay\"><div class=\"pc-header\"><div class=\"carousel-title\"> <h4 class=\"small-title\"><\/h4><\/div><\/div><div class=\"pc-wrapper\"><div class=\"pc-holder\"><div class=\"pc-page-wrapper\"><div class=\"pc-item\" data-defwidth=\"396\" data-type=\"lightbox\" data-itemid=\"1145\"><a href=\"https:\/\/stereotec.com\/wordpress2\/wp-content\/uploads\/2020\/02\/80293855_2333728406732656_5918132975865692160_o.jpg\" title=\"Lumiere Award 2019\" data-rel=\"pclightbox\" data-images=\"[&quot;https:\\\/\\\/stereotec.com\\\/wordpress2\\\/wp-content\\\/uploads\\\/2020\\\/02\\\/80293855_2333728406732656_5918132975865692160_o.jpg&quot;,&quot;https:\\\/\\\/stereotec.com\\\/wordpress2\\\/wp-content\\\/uploads\\\/2020\\\/02\\\/79903902_2333772496728247_5249917076281229312_o.jpg&quot;]\" data-captions=\"[&quot;&quot;,&quot;&quot;]\"><div class=\"pg-img-wrapper\"><span class=\"icon-circle\"><span class=\"pg-icon lightbox-icon\"><\/span><\/span><img decoding=\"async\" src=\"https:\/\/stereotec.com\/wordpress2\/wp-content\/uploads\/2020\/02\/80293855_2333728406732656_5918132975865692160_o-586x607.jpg\" alt=\"\"\/><\/div><div class=\"pg-info\"><div class=\"pg-details\"><h2>Lumiere Award 2019<\/h2><span class=\"pg-categories\">Awards &amp; Festivals<\/span><\/div><\/div><\/a><\/div><div class=\"pc-item\" data-defwidth=\"396\" data-type=\"lightbox\" data-itemid=\"372\"><a href=\"https:\/\/stereotec.com\/wordpress2\/wp-content\/uploads\/2019\/02\/2015_1-e1570617502441.jpg\" title=\"Lumiere Award 2015\" data-rel=\"pclightbox\" data-images=\"[&quot;https:\\\/\\\/stereotec.com\\\/wordpress2\\\/wp-content\\\/uploads\\\/2019\\\/02\\\/2015_1-e1570617502441.jpg&quot;,&quot;https:\\\/\\\/stereotec.com\\\/wordpress2\\\/wp-content\\\/uploads\\\/2019\\\/02\\\/8269587914_af498c875f_h.jpg&quot;]\" data-captions=\"[&quot;&quot;,&quot;&quot;]\"><div class=\"pg-img-wrapper\"><span class=\"icon-circle\"><span class=\"pg-icon lightbox-icon\"><\/span><\/span><img decoding=\"async\" src=\"https:\/\/stereotec.com\/wordpress2\/wp-content\/uploads\/2019\/02\/2015_1-e1570617502441-586x607.jpg\" alt=\"\"\/><\/div><div class=\"pg-info\"><div class=\"pg-details\"><h2>Lumiere Award 2015<\/h2><span class=\"pg-categories\">Awards &amp; Festivals<\/span><\/div><\/div><\/a><\/div><\/div><div class=\"pc-page-wrapper\"><div class=\"pc-item\" data-defwidth=\"396\" data-type=\"lightbox\" data-itemid=\"364\"><a href=\"https:\/\/stereotec.com\/wordpress2\/wp-content\/uploads\/2019\/02\/originalDSC_2002.jpeg\" title=\"Lumiere Award 2013\" data-rel=\"pclightbox\" data-images=\"[&quot;https:\\\/\\\/stereotec.com\\\/wordpress2\\\/wp-content\\\/uploads\\\/2019\\\/02\\\/originalDSC_2002.jpeg&quot;]\" data-captions=\"[&quot;&quot;]\"><div class=\"pg-img-wrapper\"><span class=\"icon-circle\"><span class=\"pg-icon lightbox-icon\"><\/span><\/span><img decoding=\"async\" src=\"https:\/\/stereotec.com\/wordpress2\/wp-content\/uploads\/2019\/02\/originalDSC_2002-586x607.jpeg\" alt=\"\"\/><\/div><div class=\"pg-info\"><div class=\"pg-details\"><h2>Lumiere Award 2013<\/h2><span class=\"pg-categories\">Awards &amp; Festivals<\/span><\/div><\/div><\/a><\/div><div class=\"pc-item\" data-defwidth=\"396\" data-type=\"lightbox\" data-itemid=\"369\"><a href=\"https:\/\/stereotec.com\/wordpress2\/wp-content\/uploads\/2019\/02\/0193\u00a9m-houet-sujet-3D-stereo-2012-Copier.jpg\" title=\"Lumiere Award 2012\" data-rel=\"pclightbox\" data-images=\"[&quot;https:\\\/\\\/stereotec.com\\\/wordpress2\\\/wp-content\\\/uploads\\\/2019\\\/02\\\/0193\\u00a9m-houet-sujet-3D-stereo-2012-Copier.jpg&quot;]\" data-captions=\"[&quot;&quot;]\"><div class=\"pg-img-wrapper\"><span class=\"icon-circle\"><span class=\"pg-icon lightbox-icon\"><\/span><\/span><img decoding=\"async\" src=\"https:\/\/stereotec.com\/wordpress2\/wp-content\/uploads\/2019\/02\/0193\u00a9m-houet-sujet-3D-stereo-2012-Copier-586x607.jpg\" alt=\"\"\/><\/div><div class=\"pg-info\"><div class=\"pg-details\"><h2>Lumiere Award 2012<\/h2><span class=\"pg-categories\">Awards &amp; Festivals<\/span><\/div><\/div><\/a><\/div><\/div><div class=\"pc-page-wrapper\"><div class=\"pc-item\" data-defwidth=\"396\" data-type=\"lightbox\" data-itemid=\"368\"><a href=\"https:\/\/stereotec.com\/wordpress2\/wp-content\/uploads\/2019\/02\/0233\u00a9m-houet-sujet-3D-stereo-2012-Copier.jpg\" title=\"Lumiere Award 2012\" data-rel=\"pclightbox\" data-images=\"[&quot;https:\\\/\\\/stereotec.com\\\/wordpress2\\\/wp-content\\\/uploads\\\/2019\\\/02\\\/0233\\u00a9m-houet-sujet-3D-stereo-2012-Copier.jpg&quot;]\" data-captions=\"[&quot;&quot;]\"><div class=\"pg-img-wrapper\"><span class=\"icon-circle\"><span class=\"pg-icon lightbox-icon\"><\/span><\/span><img decoding=\"async\" src=\"https:\/\/stereotec.com\/wordpress2\/wp-content\/uploads\/2019\/02\/0233\u00a9m-houet-sujet-3D-stereo-2012-Copier-586x607.jpg\" alt=\"\"\/><\/div><div class=\"pg-info\"><div class=\"pg-details\"><h2>Lumiere Award 2012<\/h2><span class=\"pg-categories\">Awards &amp; Festivals<\/span><\/div><\/div><\/a><\/div><\/div><\/div><\/div><div class=\"clear\"><\/div><div class=\"clear\"><\/div><\/div>\n<div class=\"cols-wrapper cols-3\">\n<div class=\"col\">\n<p>2019: 3D CREATIVE ARTS AWARD (Lumiere) Europe<\/p>\n<\/div>\n<div class=\"col\">\n<p>Best 3D<\/p>\n<\/div>\n<div class=\"col nomargin\">\n<p><a href=\"https:\/\/stereotec.com\/wordpress2\/portfolio\/viy-2-mystery-of-dragon-seal\/\">VIY 2-MYSTERY OF DRAGON SEAL<\/a><\/p>\n<\/div>\n<\/div>\n<div class=\"cols-wrapper cols-3\">\n<div class=\"col\">\n<p>2016: 3D CREATIVE ARTS AWARD (Lumiere) Europe<\/p>\n<\/div>\n<div class=\"col\">\n<p>Best Commercial<\/p>\n<\/div>\n<div class=\"col nomargin\">\n<p><a href=\"https:\/\/stereotec.com\/wordpress2\/portfolio\/arcelik-enviroment\/\">Enviroment-Arcelik<\/a><\/p>\n<\/div>\n<\/div>\n<div class=\"cols-wrapper cols-3\">\n<div class=\"col\">\n<p>2016: 3D CREATIVE ARTS AWARD (Lumiere)<\/p>\n<\/div>\n<div class=\"col\">\n<p>Best Commercial<\/p>\n<\/div>\n<div class=\"col nomargin\">\n<p><a href=\"https:\/\/stereotec.com\/wordpress2\/portfolio\/shvabe-lighthouse\/\">Shvabe &#8211; Lighthouse<\/a><\/p>\n<\/div>\n<\/div>\n<div class=\"cols-wrapper cols-3 cols-default\">\n<div class=\"col\">\n<p>2015: 3D CREATIVE ARTS AWARD (Lumiere) Europe<\/p>\n<\/div>\n<div class=\"col\">\n<p>Best Commercial<\/p>\n<\/div>\n<div class=\"col nomargin\">\n<p><a href=\"https:\/\/stereotec.com\/wordpress2\/portfolio\/shvabe-lighthouse\/\">Shvabe &#8211; Lighthouse<\/a><\/p>\n<\/div>\n<\/div>\n<div class=\"cols-wrapper cols-3\">\n<div class=\"col\">\n<p>2014: Shortz! Film Festival California<\/p>\n<\/div>\n<div class=\"col\">\n<p>1st Place Audience Choice and 3rd Place Jury Choice<\/p>\n<\/div>\n<div class=\"col nomargin\">\n<p><a href=\"https:\/\/stereotec.com\/wordpress2\/portfolio\/257\/\">Call Her Lotte<\/a><\/p>\n<\/div>\n<\/div>\n<div class=\"cols-wrapper cols-3\">\n<div class=\"col\">\n<p>2014: 3D CREATIVE ARTS AWARD (Lumiere)<\/p>\n<\/div>\n<div class=\"col\">\n<p>Best Short Live Action<\/p>\n<\/div>\n<div class=\"col nomargin\">\n<p><a href=\"https:\/\/stereotec.com\/wordpress2\/portfolio\/257\/\">Call Her Lotte<\/a><\/p>\n<\/div>\n<\/div>\n<div class=\"cols-wrapper cols-3\">\n<div class=\"col\">\n<p>2014: 3D CREATIVE ARTS AWARDS (Lumiere) Europe<\/p>\n<\/div>\n<div class=\"col\">\n<p>Best Short Live Action<\/p>\n<\/div>\n<div class=\"col nomargin\">\n<p><a href=\"https:\/\/stereotec.com\/wordpress2\/portfolio\/257\/\">Call Her Lotte<\/a><\/p>\n<\/div>\n<\/div>\n<div class=\"cols-wrapper cols-3\">\n<div class=\"col\">\n<p>2013: 3D CREATIVE ARTS AWARD (Lumiere)<\/p>\n<\/div>\n<div class=\"col\">\n<p>Best Live Action<\/p>\n<\/div>\n<div class=\"col nomargin\">\n<p><a href=\"https:\/\/stereotec.com\/wordpress2\/portfolio\/hansel-gretel-witch-hunter\/\">Hansel &amp; Gretel Witch Hunters<\/a><\/p>\n<\/div>\n<\/div>\n<div class=\"cols-wrapper cols-3\">\n<div class=\"col\">\n<p>2013: 3D Stereo Media &#8211; International 3D Festival<\/p>\n<\/div>\n<div class=\"col\">\n<p>Special Prize of the Jury<\/p>\n<\/div>\n<div class=\"col nomargin\">\n<p><a href=\"https:\/\/stereotec.com\/wordpress2\/portfolio\/blood-drop\/\">Blood Drop<\/a><\/p>\n<\/div>\n<\/div>\n<div class=\"cols-wrapper cols-3\">\n<div class=\"col\">\n<p>2013: 3D image festival \u0141\u00d3D\u0179<\/p>\n<\/div>\n<div class=\"col\">\n<p>Special Artistic Director\u2019s Award<\/p>\n<\/div>\n<div class=\"col nomargin\">\n<p><a href=\"https:\/\/stereotec.com\/wordpress2\/portfolio\/blood-drop\/\">Blood Drop<\/a><\/p>\n<\/div>\n<\/div>\n<div class=\"cols-wrapper cols-3\">\n<div class=\"col\">\n<p>2013: 3D image festival \u0141\u00d3D\u0179<\/p>\n<\/div>\n<div class=\"col\">\n<p>Best 3D Feature<\/p>\n<\/div>\n<div class=\"col nomargin\">\n<p><a href=\"https:\/\/stereotec.com\/wordpress2\/portfolio\/wickie-auf-groser-fahrt\/\">Wickie auf gro\u00dfer Fahrt<\/a><\/p>\n<\/div>\n<\/div>\n<div class=\"cols-wrapper cols-3\">\n<div class=\"col\">\n<p>2013: 3D CREATIVE ARTS AWARD (Lumiere)<\/p>\n<\/div>\n<div class=\"col\">\n<p>Best Commercial<\/p>\n<\/div>\n<div class=\"col nomargin\">\n<p><a href=\"https:\/\/stereotec.com\/wordpress2\/portfolio\/volkswagen-flower-power\/\">Volkswagen: Flower Power<\/a><\/p>\n<\/div>\n<\/div>\n<div class=\"cols-wrapper cols-3\">\n<div class=\"col\">\n<p>2013: 3D CREATIVE ARTS AWARD (Lumiere)<\/p>\n<\/div>\n<div class=\"col\">\n<p>International Jury Price Europe<\/p>\n<\/div>\n<div class=\"col nomargin\">\n<p><a href=\"https:\/\/stereotec.com\/wordpress2\/portfolio\/wickie-auf-groser-fahrt\/\">Wickie auf gro\u00dfer Fahrt<\/a><\/p>\n<\/div>\n<\/div>\n<div class=\"cols-wrapper cols-3\">\n<div class=\"col\">\n<p>2012: 3D CREATIVE ARTS AWARD (Lumiere) Europe<\/p>\n<\/div>\n<div class=\"col\">\n<p>Best Commercial<\/p>\n<\/div>\n<div class=\"col nomargin\">\n<p><a href=\"https:\/\/stereotec.com\/wordpress2\/portfolio\/volkswagen-flower-power\/\">Volkswagen: Flower Power<\/a><\/p>\n<\/div>\n<\/div>\n<div class=\"cols-wrapper cols-3\">\n<div class=\"col\">\n<p>2012: 3D CREATIVE ARTS AWARDS (Lumiere) Europe<\/p>\n<\/div>\n<div class=\"col\">\n<p>Best Live Action Stereography<\/p>\n<\/div>\n<div class=\"col nomargin\">\n<p>Florian Maier (<a href=\"https:\/\/stereotec.com\/wordpress2\/portfolio\/wickie-auf-groser-fahrt\/\">Wickie auf gro\u00dfer Fahrt<\/a>)<\/p>\n<\/div>\n<\/div>\n<div class=\"cols-wrapper cols-3\">\n<div class=\"col\">\n<p>2012: 3D CREATIVE ARTS AWARD (Lumiere) Europe<\/p>\n<\/div>\n<div class=\"col\">\n<p>Best Live Action<\/p>\n<\/div>\n<div class=\"col nomargin\">\n<p><a href=\"https:\/\/stereotec.com\/wordpress2\/portfolio\/wickie-auf-groser-fahrt\/\">Wickie auf gro\u00dfer Fahrt<\/a><\/p>\n<\/div>\n<\/div>\n<div class=\"cols-wrapper cols-3\">\n<div class=\"col\">\n<p>2012: Dimmy Award des Dimension 3 Festival<\/p>\n<\/div>\n<div class=\"col\">\n<p>Best 3D Feature<\/p>\n<\/div>\n<div class=\"col nomargin\">\n<p><a href=\"https:\/\/stereotec.com\/wordpress2\/portfolio\/wickie-auf-groser-fahrt\/\">Wickie auf gro\u00dfer Fahrt<\/a><\/p>\n<\/div>\n<\/div>\n<div class=\"cols-wrapper cols-3\">\n<div class=\"col\">\n<p>2011: 3D Innovation-Award (forward2business)<\/p>\n<\/div>\n<div class=\"col\">\n<p>Best 3D Feature<\/p>\n<\/div>\n<div class=\"col nomargin\">\n<p><a href=\"https:\/\/stereotec.com\/wordpress2\/portfolio\/wickie-auf-groser-fahrt\/\">Wickie auf gro\u00dfer Fahrt<\/a><\/p>\n<\/div>\n<\/div>\n","protected":false},"excerpt":{"rendered":"<p>STEREOTEC is honoured with 12 Lumiere Awards for outstanding 3D achievments 2019: 3D CREATIVE ARTS AWARD (Lumiere) Europe Best 3D [&hellip;]<\/p>\n","protected":false},"author":2,"featured_media":0,"parent":0,"menu_order":0,"comment_status":"closed","ping_status":"closed","template":"","meta":{"inline_featured_image":false,"footnotes":""},"yoast_head":"<!-- This site is optimized with the Yoast SEO plugin v22.3 - https:\/\/yoast.com\/wordpress\/plugins\/seo\/ -->\n<title>Awards - STEREOTEC - Excellence in 3D and 360\u00b0<\/title>\n<meta name=\"robots\" content=\"index, follow, max-snippet:-1, max-image-preview:large, max-video-preview:-1\" \/>\n<link rel=\"canonical\" href=\"https:\/\/stereotec.com\/wordpress2\/awards\/\" \/>\n<meta property=\"og:locale\" content=\"de_DE\" \/>\n<meta property=\"og:type\" content=\"article\" \/>\n<meta property=\"og:title\" content=\"Awards - STEREOTEC - Excellence in 3D and 360\u00b0\" \/>\n<meta property=\"og:description\" content=\"STEREOTEC is honoured with 12 Lumiere Awards for outstanding 3D achievments 2019: 3D CREATIVE ARTS AWARD (Lumiere) Europe Best 3D [&hellip;]\" \/>\n<meta property=\"og:url\" content=\"https:\/\/stereotec.com\/wordpress2\/awards\/\" \/>\n<meta property=\"og:site_name\" content=\"STEREOTEC - Excellence in 3D and 360\u00b0\" \/>\n<meta property=\"article:publisher\" content=\"https:\/\/www.facebook.com\/stereotec\" \/>\n<meta property=\"article:modified_time\" content=\"2020-02-17T10:51:35+00:00\" \/>\n<meta name=\"twitter:card\" content=\"summary_large_image\" \/>\n<meta name=\"twitter:site\" content=\"@stereotec\" \/>\n<meta name=\"twitter:label1\" content=\"Gesch\u00e4tzte Lesezeit\" \/>\n\t<meta name=\"twitter:data1\" content=\"1\u00a0Minute\" \/>\n<script type=\"application\/ld+json\" class=\"yoast-schema-graph\">{\"@context\":\"https:\/\/schema.org\",\"@graph\":[{\"@type\":\"WebPage\",\"@id\":\"https:\/\/stereotec.com\/wordpress2\/awards\/\",\"url\":\"https:\/\/stereotec.com\/wordpress2\/awards\/\",\"name\":\"Awards - STEREOTEC - Excellence in 3D and 360\u00b0\",\"isPartOf\":{\"@id\":\"https:\/\/stereotec.com\/wordpress2\/#website\"},\"datePublished\":\"2019-02-27T09:58:14+00:00\",\"dateModified\":\"2020-02-17T10:51:35+00:00\",\"breadcrumb\":{\"@id\":\"https:\/\/stereotec.com\/wordpress2\/awards\/#breadcrumb\"},\"inLanguage\":\"de\",\"potentialAction\":[{\"@type\":\"ReadAction\",\"target\":[\"https:\/\/stereotec.com\/wordpress2\/awards\/\"]}]},{\"@type\":\"BreadcrumbList\",\"@id\":\"https:\/\/stereotec.com\/wordpress2\/awards\/#breadcrumb\",\"itemListElement\":[{\"@type\":\"ListItem\",\"position\":1,\"name\":\"Startseite\",\"item\":\"https:\/\/stereotec.com\/wordpress2\/\"},{\"@type\":\"ListItem\",\"position\":2,\"name\":\"Awards\"}]},{\"@type\":\"WebSite\",\"@id\":\"https:\/\/stereotec.com\/wordpress2\/#website\",\"url\":\"https:\/\/stereotec.com\/wordpress2\/\",\"name\":\"STEREOTEC - Excellence in 3D and 360\u00b0\",\"description\":\"STEREOTEC - 3D equipment manufacturer and service provider for high quality stereoscopic 3D movie making and 360\u00b0 content\",\"potentialAction\":[{\"@type\":\"SearchAction\",\"target\":{\"@type\":\"EntryPoint\",\"urlTemplate\":\"https:\/\/stereotec.com\/wordpress2\/?s={search_term_string}\"},\"query-input\":\"required name=search_term_string\"}],\"inLanguage\":\"de\"}]}<\/script>\n<!-- \/ Yoast SEO plugin. -->","yoast_head_json":{"title":"Awards - STEREOTEC - Excellence in 3D and 360\u00b0","robots":{"index":"index","follow":"follow","max-snippet":"max-snippet:-1","max-image-preview":"max-image-preview:large","max-video-preview":"max-video-preview:-1"},"canonical":"https:\/\/stereotec.com\/wordpress2\/awards\/","og_locale":"de_DE","og_type":"article","og_title":"Awards - STEREOTEC - Excellence in 3D and 360\u00b0","og_description":"STEREOTEC is honoured with 12 Lumiere Awards for outstanding 3D achievments 2019: 3D CREATIVE ARTS AWARD (Lumiere) Europe Best 3D [&hellip;]","og_url":"https:\/\/stereotec.com\/wordpress2\/awards\/","og_site_name":"STEREOTEC - Excellence in 3D and 360\u00b0","article_publisher":"https:\/\/www.facebook.com\/stereotec","article_modified_time":"2020-02-17T10:51:35+00:00","twitter_card":"summary_large_image","twitter_site":"@stereotec","twitter_misc":{"Gesch\u00e4tzte Lesezeit":"1\u00a0Minute"},"schema":{"@context":"https:\/\/schema.org","@graph":[{"@type":"WebPage","@id":"https:\/\/stereotec.com\/wordpress2\/awards\/","url":"https:\/\/stereotec.com\/wordpress2\/awards\/","name":"Awards - STEREOTEC - Excellence in 3D and 360\u00b0","isPartOf":{"@id":"https:\/\/stereotec.com\/wordpress2\/#website"},"datePublished":"2019-02-27T09:58:14+00:00","dateModified":"2020-02-17T10:51:35+00:00","breadcrumb":{"@id":"https:\/\/stereotec.com\/wordpress2\/awards\/#breadcrumb"},"inLanguage":"de","potentialAction":[{"@type":"ReadAction","target":["https:\/\/stereotec.com\/wordpress2\/awards\/"]}]},{"@type":"BreadcrumbList","@id":"https:\/\/stereotec.com\/wordpress2\/awards\/#breadcrumb","itemListElement":[{"@type":"ListItem","position":1,"name":"Startseite","item":"https:\/\/stereotec.com\/wordpress2\/"},{"@type":"ListItem","position":2,"name":"Awards"}]},{"@type":"WebSite","@id":"https:\/\/stereotec.com\/wordpress2\/#website","url":"https:\/\/stereotec.com\/wordpress2\/","name":"STEREOTEC - Excellence in 3D and 360\u00b0","description":"STEREOTEC - 3D equipment manufacturer and service provider for high quality stereoscopic 3D movie making and 360\u00b0 content","potentialAction":[{"@type":"SearchAction","target":{"@type":"EntryPoint","urlTemplate":"https:\/\/stereotec.com\/wordpress2\/?s={search_term_string}"},"query-input":"required name=search_term_string"}],"inLanguage":"de"}]}},"_links":{"self":[{"href":"https:\/\/stereotec.com\/wordpress2\/wp-json\/wp\/v2\/pages\/347"}],"collection":[{"href":"https:\/\/stereotec.com\/wordpress2\/wp-json\/wp\/v2\/pages"}],"about":[{"href":"https:\/\/stereotec.com\/wordpress2\/wp-json\/wp\/v2\/types\/page"}],"author":[{"embeddable":true,"href":"https:\/\/stereotec.com\/wordpress2\/wp-json\/wp\/v2\/users\/2"}],"replies":[{"embeddable":true,"href":"https:\/\/stereotec.com\/wordpress2\/wp-json\/wp\/v2\/comments?post=347"}],"version-history":[{"count":18,"href":"https:\/\/stereotec.com\/wordpress2\/wp-json\/wp\/v2\/pages\/347\/revisions"}],"predecessor-version":[{"id":1135,"href":"https:\/\/stereotec.com\/wordpress2\/wp-json\/wp\/v2\/pages\/347\/revisions\/1135"}],"wp:attachment":[{"href":"https:\/\/stereotec.com\/wordpress2\/wp-json\/wp\/v2\/media?parent=347"}],"curies":[{"name":"wp","href":"https:\/\/api.w.org\/{rel}","templated":true}]}}